{"id":1363,"date":"2019-07-19T19:42:14","date_gmt":"2019-07-19T17:42:14","guid":{"rendered":"http:\/\/femarburg.de\/?page_id=1363"},"modified":"2022-09-28T14:39:24","modified_gmt":"2022-09-28T12:39:24","slug":"unterstuetzungsangebote","status":"publish","type":"page","link":"http:\/\/femarburg.de\/?page_id=1363","title":{"rendered":"Unterst\u00fctzungsangebote"},"content":{"rendered":"<h3><strong><a href=\"http:\/\/aflrmarburg.blogsport.de\/\" target=\"_blank\" rel=\"noopener\">Autonomes FrauenLesbenReferat (AFLR<\/a>)<\/strong><\/h3>\n<p>im AStA der Universit\u00e4t Marburg<\/p>\n<p>\u00a0<\/p>\n<h3><strong><a href=\"http:\/\/www.frauennotruf-marburg.de\/\" target=\"_blank\" rel=\"noopener\">Frauennotruf Marburg<\/a><\/strong><\/h3>\n<h4>Der Frauennotruf Marburg e.V. ist eine Fachberatungsstelle mit dem Schwerpunkt sexualisierte Gewalt im Erwachsenenalter.<\/h4>\n<p>Wir unterst\u00fctzen und beraten Betroffene, Unterst\u00fctzungspersonen und Fachkr\u00e4fte zu folgenden Themen:<\/p>\n<ul>\n<li>Versuchte oder vollendete Vergewaltigung\/sexuelle N\u00f6tigung<\/li>\n<li>Sexuelle Bel\u00e4stigung<\/li>\n<li>Bedrohung, Verfolgung und Nachstellung\/Stalking<\/li>\n<li>Psychische Gewalt oder Unterdrucksetzen durch Partner oder Ex-Partner<\/li>\n<li>Digitale Bel\u00e4stigung oder Gewalt<\/li>\n<li>Sexuelle Bel\u00e4stigung oder \u00dcbergriffe am Arbeitsplatz, in der Universit\u00e4t, im Rahmen von Ausbildung oder Weiterbildung<\/li>\n<li>Zwangsverheiratung<\/li>\n<\/ul>\n<p>Es spielt keine Rolle, wie lange die Gewalterfahrung zur\u00fcck liegt.<\/p>\n<p>Wir beraten alle Ratsuchenden, die sich an uns wenden, unabh\u00e4ngig von Geschlecht, Behinderung, sexueller Orientierung, Herkunft, Religion oder politischer \u00dcberzeugung. Bei drohender oder bereits vollzogener Zwangsverheiratung sowie sexueller Bel\u00e4stigung in Ausbildung\/Schule beraten wir auch Jugendliche.<\/p>\n<p>Wir beraten in Deutsch, Englisch und Franz\u00f6sisch, ansonsten kooperieren wir mit Dolmetscherinnen. Die Beratungsstelle ist nicht barrierefrei, daher beraten wir auch in barrierefreien R\u00e4umen in Marburg, telefonisch, per Email\/online-Chat oder mobil vor Ort. Alle Beratungen sind kostenlos.<\/p>\n<p>\u00dcber die Beratung hinaus kooperieren wir \u00fcber das Projekt Medizinische Soforthilfe nach Vergewaltigung mit dem UKGM, um eine medizinische Versorgung und vertrauliche Spurensicherung nach einer Vergewaltigung zu erm\u00f6glichen. Wir bieten Workshops und Informationsmaterial zum Thema KO Tropfen, Schulungen zum Thema sexualisierte Gewalt und sexuelle Bel\u00e4stigung am Arbeitsplatz.<\/p>\n<p><strong>Kontakt:<\/strong><\/p>\n<p>Frauennotruf Marburg e.V.<\/p>\n<p>Beratungsstelle bei Vergewaltigung, Bel\u00e4stigung und Stalking<\/p>\n<p>Adresse: Neue Kasseler Str. 1, 35039 Marburg<\/p>\n<p>Telefon: 06421-21438<\/p>\n<p>Email: <a href=\"mail@frauennotruf-marburg.de\" target=\"_blank\" rel=\"noopener\">mail@frauennotruf-marburg.de<\/a><\/p>\n<p>Web: <a href=\"http:\/\/www.frauennotruf-marburg.de\" target=\"_blank\" rel=\"noopener\">www.frauennotruf-marburg.de<\/a><\/p>\n<p>Erreichbarkeit: telefonische Sprechzeiten sind montags 16-18 Uhr und donnerstags 9-11 Uhr, ansonsten AB, wir rufen schnellstm\u00f6glich zur\u00fcck<\/p>\n<p>\u00a0<\/p>\n<h3><a href=\"http:\/\/www.frauenhaus-marburg.de\/\" target=\"_blank\" rel=\"noopener\"><strong>Frauen helfen Frauen e.V.<\/strong><\/a><\/h3>\n<p>Kostenlose und auf Wunsch anonyme Beratung, Unterst\u00fctzung und Unterkunft f\u00fcr Frauen, die von k\u00f6rperlich oder seelischer Gewalt bedroht oder betroffen sind (und deren Kinder).B\u00fcrozeiten: Mo &#8211; Fr 9.00-16.00<\/p>\n<p>\u00a0<\/p>\n<h3><strong><a href=\"https:\/\/www.muetterzentrum-marburg.de\/\" target=\"_blank\" rel=\"noopener\">M\u00fctterZentrum Marburg e.V.<\/a><\/strong><\/h3>\n<p>Ein Selbsthilfeprojekt von M\u00fcttern f\u00fcr M\u00fctter, in dem die Interessenvertretung der M\u00fctter und die Kooperation mit anderen Frauengruppen im Vordergrund stehen<\/p>\n<p>\u00a0<\/p>\n<h3><strong><a href=\"http:\/\/www.lag-maedchenpolitik-hessen.de\/\" target=\"_blank\" rel=\"noopener\">LAG M\u00e4dchenpolitik in Hessen e.V.<\/a><\/strong><\/h3>\n<p>Die Landesarbeitsgemeinschaft M\u00e4dchenpolitik in Hessen e.V. versteht sich als das Netzwerk und die Landesvertretung der m\u00e4dchenpolitischen Arbeit. Auf Grundlage feministischer und p\u00e4dagogischer M\u00e4dchenarbeit wird das Ziel der Geschlechtergerechtigkeit im gesellschaftspolitischen Zusammenhang verfolgt.<\/p>\n<p>\u00a0<\/p>\n<h3><a href=\"http:\/\/www.uni-marburg.de\/frauen\" target=\"_blank\" rel=\"noopener\"><strong>Frauenbeauftragte der Universit\u00e4t Marburg<\/strong><\/a><\/h3>\n<p>Die Frauenbeauftragten sind Ansprechpartnerin f\u00fcr alle Frauen, die in der Universit\u00e4t Marburg studieren, lehren, forschen und arbeiten. Sie beraten bei Studienwegs- und Karriereplanung, bei Konflikten am Arbeits- oder Studienplatz und in F\u00e4llen sexueller Diskriminierungen und unterst\u00fctzen die Hochschulleitung\/ Gremien Uni bei Umsetzung des gesetzlichen Gleichstellungsauftrages auf der Grundlage des Hessischen Gleichberechtigungsgesetzes und des Allgemeinen Gleichbehandlungsgesetzes.<\/p>\n<p>\u00a0<\/p>\n<h3><a href=\"http:\/\/www.marburg.de\/de\/15240\" target=\"_blank\" rel=\"noopener\"><strong>Gleichstellungsbeauftragte\u00a0der Stadt Marburg<\/strong><\/a><\/h3>\n<p>Das Gleichberechtigungsreferat der Stadt Marburg setzt sich seit 1986 auf kommunaler Ebene f\u00fcr die Verwirklichung der Gleichberechtigung von Frauen und M\u00e4nnern ein.<\/p>\n<p>\u00a0<\/p>\n<h3><a href=\"http:\/\/www.wendo-marburg.de\/\" target=\"_blank\" rel=\"noopener\"><strong>Wendo Marburg e.V.<\/strong><\/a><\/h3>\n<h4>Feministische Selbstbehauptung und Selbstverteidigung von Frauen f\u00fcr Frauen<\/h4>\n<p>WENDO steht f\u00fcr \u201eWomEn Do it!\u201c und ist ein feministisches Selbstbehauptungs- und Selbstverteidigungskonzept. Der Verein Wendo Marburg e.V. bietet seit vielen Jahren Kurse, Seminare, Schulungen und Workshops an, um der allt\u00e4glichen sexistischen, sexualisierten, aber auch rassistischen, ableistischen und anderen Formen von Gewalt etwas aktiv entgegen zu setzen. Gewalt im Geschlechterverh\u00e4ltnis findet vor allem im Nahbereich statt. Oft ist das Problem nicht, dass eine nicht wei\u00df, wo sie hinschlagen kann, sondern die inneren Hemmungen zu \u00fcberwinden, ihre W\u00fcrde und ihr Leben mit allen Mitteln zu verteidigen. WENDO setzt bei Situationen im Alltag an: Die sexistischen Witze vom Professor, der Kommilitone, der immer zu nah r\u00fcckt, die Chefin die immer nur kritisiert, der Freund oder die Freundin, der immer mal wieder zu fest zupackt, Vergewaltigung durch einen Bekannten, die Angst auf dem Weg nach Hause.<\/p>\n<p>Selbstbehauptung wird Frauen nicht beigebracht, obwohl sie immer wieder als Skill verlangt wird \u2013 aber es gibt M\u00f6glichkeiten, das zu lernen. WENDO setzt bei den F\u00e4higkeiten und Lebensbedingungen jeder einzelnen Frau an und arbeitet daher inklusiv. Es gibt Einheiten zu K\u00f6rpersprache, Entschlossenheit, Mimik, Sprache sowie einfache K\u00f6rpertechniken und Austausch zu eigenen Erfahrungen.<\/p>\n<p>WENDO ist f\u00fcr alle Frauen, ob alt oder jung, mit Behinderung oder ohne, lesbisch, bi oder hetero, dicke, d\u00fcnne, sportliche oder unsportliche Frauen, trans oder cis Frauen, \u00e4ngstliche, sch\u00fcchterne oder selbstbewusste Frauen.<\/p>\n<p>Weitere Informationen, Kurse und Anmeldungen unter Wendo Marburg e.V., Tel.: 06421 8891609, info@wendo-marburg.de oder <a href=\"http:\/\/www.wendo-marburg.de\" target=\"_blank\" rel=\"noopener\">wendo-marburg.de<\/a><\/p>\n<p>Telefonzeiten: mittwochs 10:00 &#8211; 12:00 Uhr, sonst AB<\/p>\n<p>\u00a0<\/p>\n<h3><a href=\"http:\/\/www.wildwasser-marburg.de\/\" target=\"_blank\" rel=\"noopener\"><strong>Wildwasser Marburg e.V.<\/strong><\/a><\/h3>\n<p>Fachberatungsstelle zu sexueller Gewalt in der Kindheit. Das Angebot der Fachberatungsstelle umfasst psychosoziale Beratung sowie Bildungsangebote f\u00fcr Erwachsene und Kinder\/Jugendliche.<\/p>\n\n\n<p><\/p>\n","protected":false},"excerpt":{"rendered":"<p>Autonomes FrauenLesbenReferat (AFLR) im AStA der Universit\u00e4t Marburg \u00a0 Frauennotruf Marburg Der Frauennotruf Marburg e.V. ist eine Fachberatungsstelle mit dem Schwerpunkt sexualisierte Gewalt im Erwachsenenalter. Wir unterst\u00fctzen und beraten Betroffene, Unterst\u00fctzungspersonen und Fachkr\u00e4fte zu folgenden Themen: Versuchte oder vollendete Vergewaltigung\/sexuelle N\u00f6tigung Sexuelle Bel\u00e4stigung Bedrohung, Verfolgung und Nachstellung\/Stalking Psychische Gewalt oder Unterdrucksetzen durch Partner oder Ex-Partner [&hellip;]<\/p>\n","protected":false},"author":12,"featured_media":0,"parent":0,"menu_order":0,"comment_status":"closed","ping_status":"closed","template":"","meta":[],"_links":{"self":[{"href":"http:\/\/femarburg.de\/index.php?rest_route=\/wp\/v2\/pages\/1363"}],"collection":[{"href":"http:\/\/femarburg.de\/index.php?rest_route=\/wp\/v2\/pages"}],"about":[{"href":"http:\/\/femarburg.de\/index.php?rest_route=\/wp\/v2\/types\/page"}],"author":[{"embeddable":true,"href":"http:\/\/femarburg.de\/index.php?rest_route=\/wp\/v2\/users\/12"}],"replies":[{"embeddable":true,"href":"http:\/\/femarburg.de\/index.php?rest_route=%2Fwp%2Fv2%2Fcomments&post=1363"}],"version-history":[{"count":9,"href":"http:\/\/femarburg.de\/index.php?rest_route=\/wp\/v2\/pages\/1363\/revisions"}],"predecessor-version":[{"id":2023,"href":"http:\/\/femarburg.de\/index.php?rest_route=\/wp\/v2\/pages\/1363\/revisions\/2023"}],"wp:attachment":[{"href":"http:\/\/femarburg.de\/index.php?rest_route=%2Fwp%2Fv2%2Fmedia&parent=1363"}],"curies":[{"name":"wp","href":"https:\/\/api.w.org\/{rel}","templated":true}]}}