{"id":1469,"date":"2019-08-28T05:14:14","date_gmt":"2019-08-28T03:14:14","guid":{"rendered":"http:\/\/femarburg.de\/?page_id=1469"},"modified":"2022-02-15T08:53:47","modified_gmt":"2022-02-15T07:53:47","slug":"offenes-diskussionsforum","status":"publish","type":"page","link":"http:\/\/femarburg.de\/?page_id=1469","title":{"rendered":"Offenes Diskussionsforum"},"content":{"rendered":"<p>Das fe_Marburg Kollektiv trifft sich <strong>online<\/strong> jede <strong>zweite Woche Donnerstags von 18 bis 20 Uhr\u00a0<\/strong>zum offenen Diskussionsforum. Wir setzen unsere Themen gemeinsam und nutzen die Treffen dazu, um \u00fcber aktuelle Themen, die uns bewegen zu sprechen und \u00f6ffentliche Veranstaltungen u.\u00c4. zu planen. Die Treffen finden digital statt. Wenn ihr Lust habt vorbeizuschauen, schreibt an kontakt@femarburg.de, um die Zugangsdaten zu bekommen.<\/p>\n<p>Hier eine \u00dcbersicht der kommenden Treffen:<\/p>\n<ul>\n<li>24. Februar 2022<\/li>\n<li>10. M\u00e4rz 2022<\/li>\n<li>24. M\u00e4rz 2022<\/li>\n<li>07. April 2022<\/li>\n<\/ul>\n<p>Wir freuen uns sehr \u00fcber neue Gesichter, also kommt vorbei und diskutiert gerne mit!<\/p>\n","protected":false},"excerpt":{"rendered":"<p>Das fe_Marburg Kollektiv trifft sich online jede zweite Woche Donnerstags von 18 bis 20 Uhr\u00a0zum offenen Diskussionsforum. Wir setzen unsere Themen gemeinsam und nutzen die Treffen dazu, um \u00fcber aktuelle Themen, die uns bewegen zu sprechen und \u00f6ffentliche Veranstaltungen u.\u00c4. zu planen. Die Treffen finden digital statt. Wenn ihr Lust habt vorbeizuschauen, schreibt an kontakt@femarburg.de, [&hellip;]<\/p>\n","protected":false},"author":12,"featured_media":1729,"parent":0,"menu_order":0,"comment_status":"closed","ping_status":"closed","template":"","meta":[],"_links":{"self":[{"href":"http:\/\/femarburg.de\/index.php?rest_route=\/wp\/v2\/pages\/1469"}],"collection":[{"href":"http:\/\/femarburg.de\/index.php?rest_route=\/wp\/v2\/pages"}],"about":[{"href":"http:\/\/femarburg.de\/index.php?rest_route=\/wp\/v2\/types\/page"}],"author":[{"embeddable":true,"href":"http:\/\/femarburg.de\/index.php?rest_route=\/wp\/v2\/users\/12"}],"replies":[{"embeddable":true,"href":"http:\/\/femarburg.de\/index.php?rest_route=%2Fwp%2Fv2%2Fcomments&post=1469"}],"version-history":[{"count":24,"href":"http:\/\/femarburg.de\/index.php?rest_route=\/wp\/v2\/pages\/1469\/revisions"}],"predecessor-version":[{"id":2006,"href":"http:\/\/femarburg.de\/index.php?rest_route=\/wp\/v2\/pages\/1469\/revisions\/2006"}],"wp:featuredmedia":[{"embeddable":true,"href":"http:\/\/femarburg.de\/index.php?rest_route=\/wp\/v2\/media\/1729"}],"wp:attachment":[{"href":"http:\/\/femarburg.de\/index.php?rest_route=%2Fwp%2Fv2%2Fmedia&parent=1469"}],"curies":[{"name":"wp","href":"https:\/\/api.w.org\/{rel}","templated":true}]}}