{"id":519,"date":"2013-12-03T12:07:16","date_gmt":"2013-12-03T11:07:16","guid":{"rendered":"http:\/\/femarburg.de\/?page_id=519"},"modified":"2013-12-03T12:07:16","modified_gmt":"2013-12-03T11:07:16","slug":"bionote-saida-ressel","status":"publish","type":"page","link":"http:\/\/femarburg.de\/?page_id=519","title":{"rendered":"Bio*note Saida Ressel"},"content":{"rendered":"<p><strong>Bio*note Saida Ressel<\/strong><\/p>\n<p>Saida Ressel (Dipl.-Pol.) ist derzeit wissenschaftliche Mitarbeiterin am Lehrstuhl f\u00fcr Sozialstruktur und Geschlecht (Prof. Ilse Lenz) und Koordinatorin der Marie-Jahoda-Gastprofessur f\u00fcr internationale Geschlechterforschung an der Ruhr-Universit\u00e4t Bochum.<\/p>\n<p>In ihrem Promotionsprojekt m\u00f6chte sie gewerkschaftliche Politik in den Entwicklungen eines globalisierten Kapitalismus in Bezug auf komplexe Ungleichheiten (Migration, Klasse, Geschlecht) untersuchen. Widerspr\u00fcchliche gewerkschaftliche Praxen (ggf. am Beispiel des Dienstleistungsbereichs) sollen darauf hin untersucht werden, ob sie zu einem Abbau dieser Strukturen beitragen.<\/p>\n<p>Saida Ressel hat in Marburg und Buenos Aires Politikwissenschaft mit den Nebenf\u00e4chern Friedens- und Konfliktforschung und Soziologie studiert und war dort (hochschul)politisch und wissenschaftlich aktiv.<\/p>\n<p>Als studentische Hilfskraft im Bereich Politische \u00d6konomie und Europ\u00e4ische Integration am Institut f\u00fcr Politikwissenschaft (Juniorprofessur Dr. Kannankulam) hat sie in der Forschungsgruppe des DFG- Projektes \u201eDie Transnationalisierung des Staates im Prozess der Entstehung einer gemeinsamen europ\u00e4ischen Migrationskontrolle\u201c (Dr. Wissel\/Prof. Dr. Buckel \/Jun.Prof. Kannankulam) an der Johann Wolfgang Goethe- Universit\u00e4t Frankfurt am Main mitgearbeitet. In diesem Kontext entstand auch ihre Diplomarbeit.<\/p>\n","protected":false},"excerpt":{"rendered":"<p>Bio*note Saida Ressel Saida Ressel (Dipl.-Pol.) ist derzeit wissenschaftliche Mitarbeiterin am Lehrstuhl f\u00fcr Sozialstruktur und Geschlecht (Prof. Ilse Lenz) und Koordinatorin der Marie-Jahoda-Gastprofessur f\u00fcr internationale Geschlechterforschung an der Ruhr-Universit\u00e4t Bochum. In ihrem Promotionsprojekt m\u00f6chte sie gewerkschaftliche Politik in den Entwicklungen eines globalisierten Kapitalismus in Bezug auf komplexe Ungleichheiten (Migration, Klasse, Geschlecht) untersuchen. Widerspr\u00fcchliche gewerkschaftliche Praxen [&hellip;]<\/p>\n","protected":false},"author":5,"featured_media":0,"parent":458,"menu_order":0,"comment_status":"closed","ping_status":"open","template":"","meta":[],"_links":{"self":[{"href":"http:\/\/femarburg.de\/index.php?rest_route=\/wp\/v2\/pages\/519"}],"collection":[{"href":"http:\/\/femarburg.de\/index.php?rest_route=\/wp\/v2\/pages"}],"about":[{"href":"http:\/\/femarburg.de\/index.php?rest_route=\/wp\/v2\/types\/page"}],"author":[{"embeddable":true,"href":"http:\/\/femarburg.de\/index.php?rest_route=\/wp\/v2\/users\/5"}],"replies":[{"embeddable":true,"href":"http:\/\/femarburg.de\/index.php?rest_route=%2Fwp%2Fv2%2Fcomments&post=519"}],"version-history":[{"count":1,"href":"http:\/\/femarburg.de\/index.php?rest_route=\/wp\/v2\/pages\/519\/revisions"}],"predecessor-version":[{"id":520,"href":"http:\/\/femarburg.de\/index.php?rest_route=\/wp\/v2\/pages\/519\/revisions\/520"}],"up":[{"embeddable":true,"href":"http:\/\/femarburg.de\/index.php?rest_route=\/wp\/v2\/pages\/458"}],"wp:attachment":[{"href":"http:\/\/femarburg.de\/index.php?rest_route=%2Fwp%2Fv2%2Fmedia&parent=519"}],"curies":[{"name":"wp","href":"https:\/\/api.w.org\/{rel}","templated":true}]}}