{"id":522,"date":"2013-12-03T12:09:34","date_gmt":"2013-12-03T11:09:34","guid":{"rendered":"http:\/\/femarburg.de\/?page_id=522"},"modified":"2013-12-03T12:09:34","modified_gmt":"2013-12-03T11:09:34","slug":"abstract-zur-arbeit-von-saida-ressel","status":"publish","type":"page","link":"http:\/\/femarburg.de\/?page_id=522","title":{"rendered":"Abstract zur Arbeit von Saida Ressel"},"content":{"rendered":"<p><strong>Abstract zur Arbeit von Saida Ressel<\/strong><\/p>\n<p>Die Diplomarbeit hat das Ziel, die Rolle von Gewerkschaften und Frauenbewegungen in Spanien in Bezug auf die Rechte von migrantische Arbeiterinnen im Bereich der Care-Arbeit zu bestimmen. In Bezug auf Verhandlungen zur Verbesserung der Arbeitsrechte von Care-Arbeiterinnen 2011 wird untersucht, ob spanische Gewerkschaften sowie Organisationen von Frauenbewegungen Forderungen von Selbstorganisierungen in ihre Vertretungspolitik aufnehmen und welche Konflikte sich dabei ergeben. Dabei wird zun\u00e4chst der zugrundeliegende theoretische Zugang ist der Ansatz der Intersektionalit\u00e4t reflektiert sowie der gesellschaftlichen Kontext in Spanien unter besonderer Ber\u00fccksichtigung der Frauen- und Arbeiterbewegung und des soziostrukturellen Kontextes untersucht. Mit Hilfe von Zeitungsanalysen werden die aktuellen rechtlichen Verhandlungen in die langj\u00e4hrigen Diskussionen eingebettet, um dann auf der Basis von Interviews mit ExpertInnen und Bewegungsaktiven (Frauenbewegungen, Gewerkschaften, Selbstorganisierungen) die j\u00fcngsten Verhandlungen zu untersuchen.<\/p>\n<p>&nbsp;<\/p>\n<p>Besonders relevant ist der Konflikt, dass die \u00f6konomischen Interessen der Care-Arbeiterinnen denen von Doppelverdienerpaaren, die Care-Arbeiterinnen einstellen gegen\u00fcber stehen. So wird in den Interviews deutlich Gewerkschaften, dass beide Parteien ArbeiterInnen sind, f\u00fcr die sie institutionell zust\u00e4ndig sind und das Klientel der Care-ArbeitgeberInnen dabei teilweise priorisiert wird. \u00c4hnlich verh\u00e4lt es sich mit den Frauenbewegungen, wobei vor allem die institutionalisierten Frauenbewegungen Interessen von erwerbsarbeiten Frauen verteidigen m\u00f6chten, die von den schlechten Arbeitsverh\u00e4ltnissen der migrantischen Care-Arbeiterinnen profitiert.<\/p>\n<p>&nbsp;<\/p>\n<p>Die Untersuchung macht jedoch auch Unterschiede innerhalb der Frauenbewegungen und Gewerkschaften deutlich. So zeigen die weniger institutionalisierten Frauenbewegungen und die Gewerkschaft CGT, dass eine politische Solidarit\u00e4t m\u00f6glich ist, indem sie sich nicht auf eine privilegierte Position (aufgrund von Geschlecht, Klasse, Nationalit\u00e4t oder Ethnizit\u00e4t) berufen, sondern diesen die Grundlage entziehen und eine reale Gleichheit von Mindestrechten aller ArbeiterInnen fordern.<\/p>\n","protected":false},"excerpt":{"rendered":"<p>Abstract zur Arbeit von Saida Ressel Die Diplomarbeit hat das Ziel, die Rolle von Gewerkschaften und Frauenbewegungen in Spanien in Bezug auf die Rechte von migrantische Arbeiterinnen im Bereich der Care-Arbeit zu bestimmen. In Bezug auf Verhandlungen zur Verbesserung der Arbeitsrechte von Care-Arbeiterinnen 2011 wird untersucht, ob spanische Gewerkschaften sowie Organisationen von Frauenbewegungen Forderungen von [&hellip;]<\/p>\n","protected":false},"author":5,"featured_media":0,"parent":458,"menu_order":0,"comment_status":"closed","ping_status":"open","template":"","meta":[],"_links":{"self":[{"href":"http:\/\/femarburg.de\/index.php?rest_route=\/wp\/v2\/pages\/522"}],"collection":[{"href":"http:\/\/femarburg.de\/index.php?rest_route=\/wp\/v2\/pages"}],"about":[{"href":"http:\/\/femarburg.de\/index.php?rest_route=\/wp\/v2\/types\/page"}],"author":[{"embeddable":true,"href":"http:\/\/femarburg.de\/index.php?rest_route=\/wp\/v2\/users\/5"}],"replies":[{"embeddable":true,"href":"http:\/\/femarburg.de\/index.php?rest_route=%2Fwp%2Fv2%2Fcomments&post=522"}],"version-history":[{"count":1,"href":"http:\/\/femarburg.de\/index.php?rest_route=\/wp\/v2\/pages\/522\/revisions"}],"predecessor-version":[{"id":523,"href":"http:\/\/femarburg.de\/index.php?rest_route=\/wp\/v2\/pages\/522\/revisions\/523"}],"up":[{"embeddable":true,"href":"http:\/\/femarburg.de\/index.php?rest_route=\/wp\/v2\/pages\/458"}],"wp:attachment":[{"href":"http:\/\/femarburg.de\/index.php?rest_route=%2Fwp%2Fv2%2Fmedia&parent=522"}],"curies":[{"name":"wp","href":"https:\/\/api.w.org\/{rel}","templated":true}]}}

<p><strong>Abstract zur Arbeit von Saida Ressel</strong></p>
<p>Die Diplomarbeit hat das Ziel, die Rolle von Gewerkschaften und Frauenbewegungen in Spanien in Bezug auf die Rechte von migrantische Arbeiterinnen im Bereich der Care-Arbeit zu bestimmen. In Bezug auf Verhandlungen zur Verbesserung der Arbeitsrechte von Care-Arbeiterinnen 2011 wird untersucht, ob spanische Gewerkschaften sowie Organisationen von Frauenbewegungen Forderungen von Selbstorganisierungen in ihre Vertretungspolitik aufnehmen und welche Konflikte sich dabei ergeben. Dabei wird zunächst der zugrundeliegende theoretische Zugang ist der Ansatz der Intersektionalität reflektiert sowie der gesellschaftlichen Kontext in Spanien unter besonderer Berücksichtigung der Frauen- und Arbeiterbewegung und des soziostrukturellen Kontextes untersucht. Mit Hilfe von Zeitungsanalysen werden die aktuellen rechtlichen Verhandlungen in die langjährigen Diskussionen eingebettet, um dann auf der Basis von Interviews mit ExpertInnen und Bewegungsaktiven (Frauenbewegungen, Gewerkschaften, Selbstorganisierungen) die jüngsten Verhandlungen zu untersuchen.</p>
<p>&nbsp;</p>
<p>Besonders relevant ist der Konflikt, dass die ökonomischen Interessen der Care-Arbeiterinnen denen von Doppelverdienerpaaren, die Care-Arbeiterinnen einstellen gegenüber stehen. So wird in den Interviews deutlich Gewerkschaften, dass beide Parteien ArbeiterInnen sind, für die sie institutionell zuständig sind und das Klientel der Care-ArbeitgeberInnen dabei teilweise priorisiert wird. Ähnlich verhält es sich mit den Frauenbewegungen, wobei vor allem die institutionalisierten Frauenbewegungen Interessen von erwerbsarbeiten Frauen verteidigen möchten, die von den schlechten Arbeitsverhältnissen der migrantischen Care-Arbeiterinnen profitiert.</p>
<p>&nbsp;</p>
<p>Die Untersuchung macht jedoch auch Unterschiede innerhalb der Frauenbewegungen und Gewerkschaften deutlich. So zeigen die weniger institutionalisierten Frauenbewegungen und die Gewerkschaft CGT, dass eine politische Solidarität möglich ist, indem sie sich nicht auf eine privilegierte Position (aufgrund von Geschlecht, Klasse, Nationalität oder Ethnizität) berufen, sondern diesen die Grundlage entziehen und eine reale Gleichheit von Mindestrechten aller ArbeiterInnen fordern.</p>
