{"id":933,"date":"2014-12-01T11:23:27","date_gmt":"2014-12-01T10:23:27","guid":{"rendered":"http:\/\/femarburg.de\/?page_id=933"},"modified":"2014-12-01T11:23:27","modified_gmt":"2014-12-01T10:23:27","slug":"abstract-zur-arbeit-von-anni-noack","status":"publish","type":"page","link":"http:\/\/femarburg.de\/?page_id=933","title":{"rendered":"Abstract zur Arbeit von Anni Noack"},"content":{"rendered":"<p>Diese Arbeit nimmt sich zwei Kinderb\u00fccher zum Gegenstand und analysiert, welche hegemonialen Normen sich darin durch die Art und Weise der (Nicht-)Darstellungen der Figuren, ihrer Eigenschaften, Platzierungen, Farbgebungen etc. finden und welche empowernden Gegendarstellungen es m\u00f6glicherweise gibt. Als Basis f\u00fcr die Analyse dienen der Autorin mediale Sozialisationstheorien sowie Diskriminierungs- und besonders Intersektionalit\u00e4tsdebatten, um den Blick f\u00fcr die Wirkung hegemonialer Normen zu \u00f6ffnen. Innerhalb der Analyse werden die Bilder und Texte der Kinderb\u00fccher intersektional betrachtet. Dabei stellt sich heraus, dass die B\u00fccher mit der vereinzelten Darstellung Schwarzer Figuren oder Figuren mit Behinderung versuchen mit hegemoniale Normen zu brechen und somit empowernde Darstellungen einflie\u00dfen zu lassen. Es werden jedoch weitgehend zum Beispiel Heterosexualit\u00e4t, g\u00e4ngige Geschlechtervorstellungen oder <em>wei\u00df-sein<\/em> als Norm reproduziert,<\/p>\n<p>Abschlie\u00dfend reflektiert die Autorin ihr Vorgehen unter Einbezug der eigenen Positioniertheit und der Tradition von Kinderliteratur bewertenden Erwachsenen.<\/p>\n","protected":false},"excerpt":{"rendered":"<p>Diese Arbeit nimmt sich zwei Kinderb\u00fccher zum Gegenstand und analysiert, welche hegemonialen Normen sich darin durch die Art und Weise der (Nicht-)Darstellungen der Figuren, ihrer Eigenschaften, Platzierungen, Farbgebungen etc. finden und welche empowernden Gegendarstellungen es m\u00f6glicherweise gibt. Als Basis f\u00fcr die Analyse dienen der Autorin mediale Sozialisationstheorien sowie Diskriminierungs- und besonders Intersektionalit\u00e4tsdebatten, um den Blick [&hellip;]<\/p>\n","protected":false},"author":5,"featured_media":0,"parent":458,"menu_order":0,"comment_status":"closed","ping_status":"open","template":"","meta":[],"_links":{"self":[{"href":"http:\/\/femarburg.de\/index.php?rest_route=\/wp\/v2\/pages\/933"}],"collection":[{"href":"http:\/\/femarburg.de\/index.php?rest_route=\/wp\/v2\/pages"}],"about":[{"href":"http:\/\/femarburg.de\/index.php?rest_route=\/wp\/v2\/types\/page"}],"author":[{"embeddable":true,"href":"http:\/\/femarburg.de\/index.php?rest_route=\/wp\/v2\/users\/5"}],"replies":[{"embeddable":true,"href":"http:\/\/femarburg.de\/index.php?rest_route=%2Fwp%2Fv2%2Fcomments&post=933"}],"version-history":[{"count":1,"href":"http:\/\/femarburg.de\/index.php?rest_route=\/wp\/v2\/pages\/933\/revisions"}],"predecessor-version":[{"id":934,"href":"http:\/\/femarburg.de\/index.php?rest_route=\/wp\/v2\/pages\/933\/revisions\/934"}],"up":[{"embeddable":true,"href":"http:\/\/femarburg.de\/index.php?rest_route=\/wp\/v2\/pages\/458"}],"wp:attachment":[{"href":"http:\/\/femarburg.de\/index.php?rest_route=%2Fwp%2Fv2%2Fmedia&parent=933"}],"curies":[{"name":"wp","href":"https:\/\/api.w.org\/{rel}","templated":true}]}}